a - 8. List the prime factors of a.
3
Let i = 343 + -176. Suppose i = 5*l + 57. What are the prime factors of l?
2, 11
Let u(p) = 8*p - 7. List the prime factors of u(17).
3, 43
Let f(m) = m + 8. Let h be f(-5). Suppose -j - h*j = 3*g - 28, -4*g + 5*j = -27. List the prime factors of g.
2
Suppose -3*g - 8*g = -2849. What are the prime factors of g?
7, 37
Let x = 3 + 5. List the prime factors of 9 - (-2)/x*-4.
2
Suppose 0 = -3*a + 6*a. Let c(k) = -k + 10. Let b be c(a). Let i = 14 - b. List the prime factors of i.
2
Let p = 54 + -9. Let z = -30 + p. What are the prime factors of z?
3, 5
Let w be 4/(-14) - 148/(-28). Let q be 1/(5/(-3) - -2). Let r = w - q. What are the prime factors of r?
2
Let v = 0 + -4. Let j = v - 0. Let h = 2 - j. List the prime factors of h.
2, 3
Suppose -v + 6 = v. Let s be (0 - 0)*(3 + -4). Suppose s = -4*o + v*r + 40, -5 = -o - r - 2. List the prime factors of o.
7
Let t(p) = -p**2 - 7*p + 7. What are the prime factors of t(-7)?
7
Let g be (2/(-4))/(2/4). Let y be 0 + (-1)/(1/g). What are the prime factors of 8 + (-3 + y)/(-2)?
3
Let t be (-24)/(-132) - 218/(-11). Suppose -2*q - 5*x + 23 = 0, -2*q + 3*x + t = -27. List the prime factors of q.
19
Let l be (-4)/22 + (-268)/(-22). Suppose y - 48 + l = 0. Suppose -9 = -5*h + y. What are the prime factors of h?
3
Let o(f) = -26*f. What are the prime factors of o(-1)?
2, 13
Let a = -12 - -16. Suppose -3*t + 24 = 4*l - t, -3 = l - 4*t. Suppose 5*x = 2*x - a*p + 31, -63 = -l*x - p. What are the prime factors of x?
13
Suppose 5*s + 43 + 227 = 0. Let r = 86 + s. List the prime factors of r.
2
Suppose 0 = -4*f + 20, -2*w + f = 2*f - 1. List the prime factors of 11 + (3 + w)*-3.
2
Let o(c) = -c + 1. Let r be o(-4). Suppose 0 = 5*m - r*y - 25, 0 = 5*m + 2*y + y - 33. What are the prime factors of m?
2, 3
Suppose 2*o = 2*i - 3*o - 16, 10 = 4*i + o. Suppose -a - 3*l + 28 = 0, -a + 0*a + i*l + 10 = 0. List the prime factors of a.
19
Suppose 5*s + 20 = -0*s. Let k = s - -49. What are the prime factors of k?
3, 5
Let l = -57 - -99. What are the prime factors of l?
2, 3, 7
Let o = 92 - 44. What are the prime factors of o?
2, 3
Let k be 2/2 + 15/5. List the prime factors of 6/(-12)*-1*k.
2
Let f = 185 + -72. List the prime factors of f.
113
Suppose 60 = 5*h - 75. Let i = 39 - h. What are the prime factors of i?
2, 3
Let y(r) = -5*r + 12*r**2 - 6*r**2 + 2*r. Let z be y(2). Suppose -j + z = j. List the prime factors of j.
3
Suppose -5*p - 43 + 195 = 4*n, 0 = 2*n + 4. List the prime factors of p.
2
Suppose -7*k + 50 = -335. What are the prime factors of k?
5, 11
Suppose -16*a = -18*a + 78. What are the prime factors of a?
3, 13
Let u = 9 - 6. Suppose q - 3 = u. What are the prime factors of q?
2, 3
Let h(w) = 2*w**3 - 10*w**2 + 9*w - 12. List the prime factors of h(6).
2, 3, 19
List the prime factors of ((-48)/30)/(2/(-95)).
2, 19
Let n(t) = 25*t**2 + 2*t + 1. What are the prime factors of n(-2)?
97
Let d = -4 - -9. Suppose 0 = -w - 2*l + 20, 0 = w + 5*l - d - 21. List the prime factors of w.
2
Let v = 131 + -68. What are the prime factors of v?
3, 7
Let j(n) = n**3 + 2*n**2 - 3*n + 2. Let q be j(-3). Let i(z) = -2*z + 1. Let l be i(-3). Let r = l - q. What are the prime factors of r?
5
List the prime factors of 0/9 - (-2 - 359).
19
Suppose 5*y = 9 + 46. Suppose -3*o = 2*d - y, -3*d = -2*o - 0*o - 49. List the prime factors of d.
13
Let d be (-1 - 2) + 6 - -21. Let m = d - 3. List the prime factors of m.
3, 7
Suppose 2*y + 2*y = 20, j + 4*y = 105. List the prime factors of j.
5, 17
Let a(h) = -h. Let v(s) = 4 - 11 + 5*s + 7. Let b(c) = -11*a(c) - 2*v(c). List the prime factors of b(7).
7
Let k(m) = m**2 - 10*m + 5. Let z be k(10). Suppose 4*t - 40 = -5*x, -2*t + z*t + 2*x = 23. List the prime factors of 12/t - (-4)/(-10).
2
Suppose 4*o - y = 3 + 2, -4*y = -o - 10. Let d be -2 + 1 + o + 14. Suppose 2*m - d = -m. List the prime factors of m.
5
List the prime factors of 0 + 1 - 126/(-6).
2, 11
Suppose -2*l = 2*x + 2*x + 22, 0 = 5*l + 4*x + 37. Let k(b) = b**3 + 6*b**2 + 1. List the prime factors of k(l).
2, 13
Suppose -2*s - 3*h - 25 = 0, 4*s - 5*h - 5 = -0. Let m be 0 - 0 - (-5)/s. Let c = m - -8. List the prime factors of c.
7
Let x be 4/(-16) + 25/4. List the prime factors of x/(-9) + 76/6.
2, 3
Let v be (1 - -4)/((-5)/(-10)). Suppose -v = -6*a + a. What are the prime factors of a?
2
Suppose p = 4*p - 12. Suppose p*d - 15 = -d. What are the prime factors of d?
3
Let r(u) be the second derivative of u**4/12 - 2*u**3/3 + 9*u**2/2 - 3*u. What are the prime factors of r(6)?
3, 7
Let s(f) = f + 4. Let m be s(-7). Let j be (m/(-6))/(2/(-4)). What are the prime factors of -8*((-4 - -3) + j)?
2
Let f(a) = -a**3 + 3*a**2 + 4*a + 3. Let n be f(4). Suppose -7*h + 2*h + 19 = c, -24 = -4*h - n*c. Suppose 12 = h*z - 39. List the prime factors of z.
17
Suppose -6*a - 95 = -2*z - 3*a, 0 = -5*z + 2*a + 254. What are the prime factors of z?
2, 13
Let n(l) = -l**2 - 2*l + 7. Let f be n(-6). Let j = f + 30. Suppose -v + j = 3*b, 8 = 3*b + 4*v - 8. What are the prime factors of b?
2
Suppose -3*x - 4*v + 0*v = -146, -201 = -4*x + v. List the prime factors of x.
2, 5
Let r be 4/(2 - 4) - 49. Let h = -30 - r. List the prime factors of h.
3, 7
Suppose 33 = 5*q + 4*o, -11 = -3*q + 2*o - 0*o. Let j(r) = -r**2 + 7*r - 2. What are the prime factors of j(q)?
2
Let n(k) = k**3 + 6*k**2 + 5*k + 4. Let v be n(-3). Suppose -v = -4*d, d - 5 = 5*u - 16. What are the prime factors of u?
3
Let y = 364 + -259. List the prime factors of y.
3, 5, 7
Let x be (-3)/2*(-40)/30. Suppose s + 7 = x, -3*b + 2*s = -118. List the prime factors of b.
2, 3
Let z = 10 - -4. What are the prime factors of z?
2, 7
Suppose 4*w + w = -2*c - 6, 18 = -c + 5*w. Let m(n) = -n**3 - 9*n**2 - 10*n - 5. What are the prime factors of m(c)?
11
Suppose y + 122 = 390. List the prime factors of y.
2, 67
Let d(z) = 32*z**2 - 3*z - 2. What are the prime factors of d(-1)?
3, 11
Let w = -53 - -125. List the prime factors of w.
2, 3
Let v be 2 + (-1 - 1)*-1. Suppose n = 3*n + v. What are the prime factors of 14 - n - (0 - 0)?
2
Suppose 9 = -f + 4*f. Suppose -f*o + 3 = 0, 8 - 91 = -5*b - 3*o. What are the prime factors of b?
2
Suppose -6 = q - 8. What are the prime factors of q?
2
Suppose -7*w + 144 = -w. List the prime factors of w.
2, 3
Let t(y) = -2*y**2 - 4*y - 2. Let x be t(-2). Let d be x/(-4)*-1*-6. Suppose 4*a = -0*j + 5*j - 52, d*a - 18 = -j. List the prime factors of j.
2, 3
Let l be (-4)/(-10) + 7/(-5). Let z be (-2)/(-1 - -3) - l. Suppose 3*s + s - 26 = 2*a, -3*s + a + 19 = z. List the prime factors of s.
2, 3
Suppose -1806 = 3*p - 10*p. What are the prime factors of p?
2, 3, 43
Suppose i + 6 = -i. Let s = i + 5. Suppose d - 19 = -3*l + s*d, -3*d = 3. List the prime factors of l.
2, 3
Suppose 0 = k + k - 20. Let o be (-4)/k - (-144)/10. Suppose -4*r + 2 = -o. List the prime factors of r.
2
Let v be (-1)/(1/6*-2). Let t be 5 + (-1 - -7 - 3). Suppose v*a = 1 + t. What are the prime factors of a?
3
Let j = -47 - -91. Suppose 4*h - j = 2*h. List the prime factors of h.
2, 11
Suppose -181*z - 575 = -186*z. What are the prime factors of z?
5, 23
Suppose 4*v = 2*v + 8. Let q(k) = -v*k - 4 - 2 + 7. List the prime factors of q(-1).
5
Suppose -5*b = 4*l - 2*l + 25, 25 = 5*l - 5*b. Suppose l = 5*z - z - 12. List the prime factors of z.
3
Suppose 0 = -d + 33 - 4. What are the prime factors of d?
29
Let n(b) = 6*b - 39. What are the prime factors of n(20)?
3
Suppose 3*y - 56 = 7*y - 4*g, 4*g = -5*y - 34. Let z(d) = -d**2 - 10*d + 7. List the prime factors of z(y).
7
Let m be (-3510)/(-14) + (-4)/(-14). Let k = m - 151. What are the prime factors of -2 - 1 - k/(-5)?
17
Let t = -11 + 5. What are the prime factors of (-4 - t)*(-14)/(-2)?
2, 7
Let u = -32 - 82. What are the prime factors of 30/4*u/(-95)?
3
Let u(v) = -57*v**2 + 4*v + 2. Let p(k) = -58*k**2 + 5*k + 2. Let n(c) = 6*p(c) - 7*u(c). What are the prime factors of n(1)?
3, 17
Let l(c) = c - 1. Let b be (3 + -3)/(-2) + 6. Let k be l(b). Suppose 4*p = -16, k*p + 91 = 4*t + 31. List the prime factors of t.
2, 5
Suppose -3*w + 41 = -55. List the prime factors of w.
2
Suppose 4*m - 4 = 3*c, 4*m - 2*c - 7 - 1 = 0. Suppose 3*a = -d + 2, 0 = -4*a + m*d - 8 + 32. List the prime factors of a.
2
Let w(h) = -h**3 - 8*h*